 -0*l + d*a + p, -4*l = -a - 24. What is the units digit of l?
6
Suppose -j = -0*j + 4*c - 63, -2*j + 104 = -3*c. What is the tens digit of j?
5
Suppose -2*d = 5*s + 15, -2*d + 2*s = -0*s - 20. Suppose d*u + 14 + 1 = 0, 3*t - 3*u - 63 = 0. What is the tens digit of t?
1
Let v(n) = -n**2 + n - 1 + 0 - 3*n. Let y be v(3). What is the units digit of -1 + -2 + y/(-2)?
5
Let m(t) = t**3 - 2*t**2 - 5*t - 3. Let h be m(5). Suppose -4*x + h = -45. What is the units digit of x?
3
What is the units digit of 2302/9 - (-38)/171?
6
Suppose 0*h + h - 3*t = 33, 0 = h + 3*t - 27. What is the tens digit of h?
3
Let m(b) = b**3 + 7*b**2 - 5*b + 1. Let i be m(-7). Suppose -i = 2*s + s. What is the units digit of (-3)/s + 22/8?
3
Suppose -2*d + 4*d = 4*y, 0 = 4*d + 8. Let r = 5 + -4. What is the tens digit of 13 + y*(r - 0)?
1
Let s = 38 + -24. Let g be (-100)/(-7) + (-4)/s. Let p = g + -9. What is the units digit of p?
5
Let q be (-4)/(-6) + (-8)/(-6). Suppose -q*u = -4*u + 4. Suppose -u*y = -4 - 4. What is the units digit of y?
4
Let r(b) = -b**3 + b**2 - b + 2. Let a be r(0). Suppose -10 - 10 = -3*g + 5*t, 0 = a*g + 5*t - 5. What is the units digit of g?
5
Suppose 0 = -5*r - 0*r. Suppose r = -0*h - h - 5. Let z(c) = c**3 + 4*c**2 - 7*c - 6. What is the units digit of z(h)?
4
Let v = -34 + 60. What is the units digit of v?
6
What is the tens digit of (1 - (3 + -1))/((-8)/424)?
5
Let m(t) = -t**3 - 5*t**2 + t + 3. Let r be m(-5). Let p be (6 + r)*(3 - 4). Let l = 4 - p. What is the units digit of l?
8
What is the tens digit of (-650)/(-15) - (-2)/3?
4
Suppose 0 = o - 2*k, 4*o - 8 - 1 = -k. Suppose o*d = -2*q - d - 10, q + d = -5. Let c = q + 11. What is the units digit of c?
6
Let z = 844 + -592. What is the tens digit of z?
5
Suppose h - 4 = 3*y, -2*y + 0*y = -2*h + 12. Let w(b) = -b**3 + 9*b**2 + 4*b + 9. Let m be w(h). What is the tens digit of (-8)/(-3)*m/20?
1
Let x be -1*1*(-2)/2. Let a = -6 + 11. Suppose -a*h + x = -14. What is the units digit of h?
3
Suppose c - 3*c + 23 = 5*f, -3*c = 3*f - 21. Let t = c - 4. Suppose 3*q - 21 = -t*q. What is the units digit of q?
7
Suppose -4*t = -q - 145, 3*q + 165 = 4*t - 2*q. What is the units digit of t?
5
Suppose 0 = -7*h + 32 + 353. What is the tens digit of h?
5
Suppose -d + 8 = 3*d. Suppose 41 = 4*j - 3*a, -d*j + 4*a = 3*a - 21. Let k = -1 + j. What is the units digit of k?
0
Let v be (-6)/3 + 1 + 8. Suppose 2*o - v = 7. What is the units digit of o?
7
Suppose z - 2*g = 13, 3*g + 41 = 3*z - 7. What is the tens digit of z?
1
Suppose 4*r + 3*x + 15 = 0, -5*r - 4*x = -5 + 25. Suppose 3*w - 4*w + 9 = r. What is the units digit of w?
9
Let k(z) = -2*z - 7. Let c(w) be the first derivative of w - 2. Let r(i) = -6*c(i) - k(i). What is the units digit of r(1)?
3
What is the hundreds digit of 1647/15 - (-5)/25?
1
Suppose -5*z + 4*x + 84 = 0, -2*z + 2*x - x + 36 = 0. Suppose q + r = 5*r + z, -q = -3*r - 21. What is the tens digit of q?
2
Let d = -15 - -20. Suppose -d*f - 3*l = -53, -4*f - 34 = -6*f + 2*l. What is the units digit of f?
3
Suppose 75 + 65 = 2*d. What is the tens digit of d?
7
Let p = 232 + -106. What is the hundreds digit of p?
1
Let z(l) = -l**3 - 3*l**2 + 3*l + 1. Let u be z(-3). Let a(c) = -c - 5. What is the units digit of a(u)?
3
Let a = 98 - 56. What is the units digit of a?
2
Let m = 26 + -12. What is the units digit of m?
4
Suppose -2*a = 2, -a - a - 5 = -3*b. Suppose 2*f - 4*x - 46 = -18, f + b = -x. What is the units digit of f?
4
What is the tens digit of 0 + (-260)/(-3) - (-8)/(-12)?
8
Let f(l) = l**3 - 10*l**2 - 9*l + 6. What is the units digit of f(11)?
8
Suppose 3*v + 12 = -w, 2*w - 2*v - 16 = 2*v. Suppose -k - 4*k + 40 = w. What is the units digit of k?
8
Suppose 3*d - 4 = 4*d. Let h = 0 - d. Suppose 0*o - 4*f = -h*o + 4, 2*o - f - 3 = 0. What is the units digit of o?
2
Let f be 1*2 - (5 - 4). What is the units digit of 6 + -4 - 1/f?
1
Let p = 15 - 0. Suppose 0 = -4*r - r + p. What is the units digit of r?
3
What is the units digit of 15 + 3 + -2 + 0?
6
Suppose 0 = i - 57 - 51. What is the hundreds digit of i?
1
Suppose 120 = -w + 6*w. What is the tens digit of w?
2
Let a be (0 + 2/(-2))*-24. Suppose -s = 3*s - a. Suppose -4*q + s*q - 24 = 0. What is the tens digit of q?
1
Let c(b) = -b**3 - 2*b**2 + 2*b - 1. Let z be c(1). Let x(t) = -t**3 - 4*t**2 - 3*t - 1. Let l be x(z). What is the units digit of -2*4*(1 + l)?
6
Let d(y) = 4*y**3 - 7*y**2 - 4. Let s(v) = -5*v**3 + 8*v**2 + 5. Let m(f) = -6*d(f) - 5*s(f). Let g be m(1). Let a = 3 + g. What is the units digit of a?
5
Suppose 36 = -5*w - 2*j, -w - 2*w - 22 = j. Let f be 4/(2 - (-14)/w). Suppose f = 3*y - 2. What is the units digit of y?
6
Suppose 0 = 4*a + 5*c - 52, 3*a + 0*c - c - 20 = 0. What is the units digit of a?
8
Suppose 3*g + g = -q - 46, -3*g - 67 = 2*q. What is the units digit of (3 + -5)*q/4?
3
Let i(y) = -y - 6*y**2 + 0 + 8*y**2 + 2 + 0. What is the units digit of i(2)?
8
Suppose -7 = -v - 6. What is the units digit of v?
1
Let t(o) = -3*o - 1. Let f be t(1). Let d = f - -6. What is the units digit of d?
2
Let f(u) = -41*u + 1. Let a be f(-1). Suppose 2*v - 3*v + a = 0. What is the tens digit of v?
4
Let j(k) = 3*k**3 + 19*k**2 - 3*k - 12. What is the units digit of j(-6)?
2
Let g(y) = -16*y**3 + 1. Let k(o) = 13*o**2 + 2*o + 1. Let w be k(-1). Let c be 2/3*(-18)/w. What is the units digit of g(c)?
7
Let d = -71 - -157. What is the tens digit of d?
8
Let n = 5 + 4. Suppose j - 5*t + 27 = -2, -3*j + 5*t = 37. What is the units digit of 43/n + j/(-18)?
5
Let s = 74 + -52. What is the tens digit of s?
2
Let d(i) = 15*i**2 + 5*i - 24. What is the tens digit of d(4)?
3
Suppose 2*g - 81 = 29. What is the tens digit of g?
5
Let c(r) = r - 8. Let u be c(9). What is the units digit of 2*(u + (0 - -1))?
4
Suppose -d - 48 = -h, h - 26 = -4*d + 47. Let z = h - 32. What is the units digit of z?
1
Let b(x) = -6*x**3 - x**2 - x. Suppose -5*u + 2*y = 4*y - 6, 0 = 4*u + 4*y. Suppose 2 = -3*j + v - 1, -2*j - u*v - 2 = 0. What is the units digit of b(j)?
6
Suppose 5*b + 91 - 16 = 5*j, -2*b = -j + 15. Suppose 3*o = -2*o + j. What is the units digit of o?
3
Let k(v) be the third derivative of v**6/120 + 3*v**5/20 - v**4/24 - v**3 + 2*v**2. Let z be k(-9). What is the units digit of 3/((-1)/z*-3)?
3
Suppose 904 = 4*c - 3*i, -2*i = 3*c + 2*i - 678. What is the hundreds digit of c?
2
Let g = 49 + -41. What is the units digit of g?
8
Suppose 0 = -5*h - 4*b + 246, 4*b = h - 10 - 20. What is the tens digit of h?
4
Let l = 17 - -40. What is the units digit of l?
7
Suppose 0 = -5*m + r + 665, -m - 112 = -2*m - 4*r. Suppose 8*x = 4*x + m. What is the tens digit of x?
3
Suppose 4*d = 2*u - 5*u + 3, 3*u - 6 = -3*d. Suppose -u = -3*f + 7. Suppose 0 = -f*l + 3*r + 34, 2*l + r = 14 + 8. What is the tens digit of l?
1
Suppose 0 = 5*v - 358 - 817. What is the tens digit of v?
3
Let l(c) = -12*c + 1. Let f be l(-2). Suppose j + 0 = 4*q - f, q - 4*j - 10 = 0. What is the units digit of q?
6
Let z = 2 - 4. Let p be ((-1)/2)/(z/(-4)). Let t = 0 - p. What is the units digit of t?
1
Let u be (6/10)/((-4)/(-20)). What is the units digit of 4 - (0 + u)/3?
3
Let s(h) = -2*h**3 - 4*h**2 - 4. Let k be s(-3). Let l = k + 4. What is the tens digit of l?
1
Let p(c) = -c**2 - 7*c + 2. Let t be p(-6). Suppose -g + t = -4. Suppose 0 = -5*o + o - g, -27 = -4*b - 3*o. What is the units digit of b?
9
Let t(f) = -3*f. Let s be t(-2). What is the units digit of -2 - (-12 + s/(-2))?
3
Let h(w) = 15*w + 2. Let d be h(2). Let f = d - 21. What is the tens digit of f?
1
Let o(n) = n - 4. Let w be o(6). Suppose -1 + w = v. What is the units digit of v?
1
Let m be -310*(3/2 - 0). What is the tens digit of m/(-15) + (1 - 2)?
3
Suppose 11*g = 8*g. Suppose g*l - 51 = -3*l. What is the units digit of l?
7
Suppose 0*d + d - 5 = 0. Suppose -10 = -d*c + 5*i, 4*c + 10 = -0*c - 5*i. Suppose c = r + 2*r - 18. What is the units digit of r?
6
Let c(y) = 3*y - 14. What is the units digit of c(10)?
6
Let c(t) = 5*t - 2. Let a be c(-2). Let k = 30 + a. Suppose k = 2*p - v, 2*v - 25 = -3*p + 4*v. What is the units digit of p?
1
Let g = 0 - -3. Suppose m + 3*i = -1, 64 = 4*m - 8*i + g*i. What is the units digit of m?
1
Let x = -14 - -26. What is the units digit of x?
2
Suppose 6*p - 7*p = 33. Let l = 14 -